 is divided by 175?
67
What is the remainder when 415 is divided by 70?
65
Calculate the remainder when 432 is divided by 34.
24
Calculate the remainder when 3786 is divided by 79.
73
What is the remainder when 100 is divided by 34?
32
Calculate the remainder when 717 is divided by 79.
6
What is the remainder when 102 is divided by 22?
14
Calculate the remainder when 43679 is divided by 35.
34
Calculate the remainder when 572 is divided by 190.
2
Calculate the remainder when 1087 is divided by 39.
34
Calculate the remainder when 57 is divided by 37.
20
Calculate the remainder when 101 is divided by 13.
10
What is the remainder when 1261 is divided by 106?
95
Calculate the remainder when 123 is divided by 19.
9
Calculate the remainder when 98 is divided by 52.
46
What is the remainder when 158 is divided by 28?
18
Calculate the remainder when 2870 is divided by 8.
6
What is the remainder when 199 is divided by 10?
9
What is the remainder when 207 is divided by 15?
12
What is the remainder when 7578 is divided by 361?
358
Calculate the remainder when 66 is divided by 41.
25
What is the remainder when 920 is divided by 188?
168
Calculate the remainder when 3188 is divided by 24.
20
Calculate the remainder when 66 is divided by 18.
12
Calculate the remainder when 205 is divided by 20.
5
Calculate the remainder when 187 is divided by 44.
11
What is the remainder when 266 is divided by 62?
18
What is the remainder when 1012 is divided by 39?
37
What is the remainder when 77 is divided by 34?
9
Calculate the remainder when 159 is divided by 4.
3
What is the remainder when 112 is divided by 16?
0
What is the remainder when 24101 is divided by 18?
17
What is the remainder when 8999 is divided by 250?
249
What is the remainder when 77 is divided by 27?
23
Calculate the remainder when 76 is divided by 32.
12
What is the remainder when 149 is divided by 67?
15
What is the remainder when 189 is divided by 96?
93
What is the remainder when 60 is divided by 34?
26
Calculate the remainder when 331 is divided by 41.
3
Calculate the remainder when 240 is divided by 35.
30
What is the remainder when 1958 is divided by 3?
2
Calculate the remainder when 1643 is divided by 59.
50
What is the remainder when 7299 is divided by 5?
4
Calculate the remainder when 96 is divided by 49.
47
What is the remainder when 544 is divided by 183?
178
Calculate the remainder when 1996 is divided by 54.
52
What is the remainder when 9893 is divided by 102?
101
What is the remainder when 389 is divided by 98?
95
Calculate the remainder when 86 is divided by 33.
20
What is the remainder when 58 is divided by 13?
6
What is the remainder when 160 is divided by 22?
6
Calculate the remainder when 403 is divided by 68.
63
Calculate the remainder when 647 is divided by 59.
57
Calculate the remainder when 440 is divided by 49.
48
What is the remainder when 890 is divided by 185?
150
Calculate the remainder when 769 is divided by 17.
4
What is the remainder when 567 is divided by 549?
18
What is the remainder when 3902 is divided by 6?
2
What is the remainder when 520 is divided by 146?
82
Calculate the remainder when 112 is divided by 30.
22
Calculate the remainder when 1179 is divided by 13.
9
Calculate the remainder when 163 is divided by 73.
17
What is the remainder when 1126 is divided by 544?
38
What is the remainder when 8079 is divided by 18?
15
Calculate the remainder when 236 is divided by 65.
41
Calculate the remainder when 48 is divided by 17.
14
Calculate the remainder when 74 is divided by 35.
4
What is the remainder when 163 is divided by 87?
76
What is the remainder when 240 is divided by 108?
24
Calculate the remainder when 284 is divided by 26.
24
What is the remainder when 61 is divided by 6?
1
What is the remainder when 644 is divided by 87?
35
Calculate the remainder when 372 is divided by 32.
20
Calculate the remainder when 1958 is divided by 53.
50
What is the remainder when 13630 is divided by 17?
13
What is the remainder when 126 is divided by 8?
6
Calculate the remainder when 98 is divided by 45.
8
What is the remainder when 2728 is divided by 65?
63
What is the remainder when 2942 is divided by 128?
126
What is the remainder when 400 is divided by 87?
52
Calculate the remainder when 1478 is divided by 74.
72
Calculate the remainder when 203 is divided by 61.
20
What is the remainder when 264 is divided by 133?
131
What is the remainder when 1008 is divided by 64?
48
Calculate the remainder when 67 is divided by 38.
29
What is the remainder when 168 is divided by 57?
54
What is the remainder when 1542 is divided by 13?
8
Calculate the remainder when 751 is divided by 14.
9
Calculate the remainder when 751 is divided by 58.
55
Calculate the remainder when 2054 is divided by 42.
38
Calculate the remainder when 372 is divided by 16.
4
What is the remainder when 271 is divided by 68?
67
What is the remainder when 6353 is divided by 5?
3
What is the remainder when 232 is divided by 11?
1
What is the remainder when 55 is divided by 38?
17
What is the remainder when 1106 is divided by 37?
33
What is the remainder when 81 is divided by 14?
11
What is the remainder when 4418 is divided by 4418?
0
Calculate the remainder when 6084 is divided by 34.
32
What is the remainder when 529 is divided by 38?
35
What is the remainder when 303 is divided by 9?
6
Calculate the remainder when 4983 is divided by 277.
274
What is the remainder when 918 is divided by 29?
19
What is the remainder when 247 is divided by 75?
22
What is the remainder when 696 is divided by 17?
16
Calculate the remainder when 98 is divided by 27.
17
Calculate the remainder when 143 is divided by 6.
5
Calculate the remainder when 618 is divided by 48.
42
What is the remainder when 2377 is divided by 140?
137
What is the remainder when 532 is divided by 178?
176
Calculate the remainder when 230 is divided by 133.
97
What is the remainder when 70 is divided by 12?
10
What is the remainder when 133 is divided by 47?
39
What is the remainder when 310 is divided by 20?
10
What is the remainder when 1499 is divided by 75?
74
What is the remainder when 1190 is divided by 1184?
6
What is the remainder when 94 is divided by 25?
19
Calculate the remainder when 2158 is divided by 47.
43
Calculate the remainder when 203 is divided by 63.
14
Calculate the remainder when 519 is divided by 100.
19
Calculate the remainder when 241 is divided by 55.
21
What is the remainder when 68 is divided by 39?
29
What is the remainder when 146 is divided by 16?
2
What is the remainder when 126 is divided by 72?
54
What is the remainder when 372 is divided by 4?
0
What is the remainder when 541 is divided by 12?
1
What is the remainder when 74 is divided by 18?
2
Calculate the remainder when 1886 is divided by 16.
14
What is the remainder when 144 is divided by 15?
9
Calculate the remainder when 1081 is divided by 19.
17
What is the remainder when 154 is divided by 58?
38
Calculate the remainder when 238 is divided by 41.
33
Calculate the remainder when 439 is divided by 63.
61
What is the remainder when 55 is divided by 8?
7
Calculate the remainder when 141 is divided by 29.
25
Calculate the remainder when 10 is divided by 5.
0
Calculate the remainder when 543 is divided by 28.
11
What is the remainder when 467 is divided by 8?
3
Calculate the remainder when 378 is divided by 96.
90
Calculate the remainder when 524 is divided by 98.
34
What is the remainder when 152 is divided by 50?
2
What is the remainder when 350 is divided by 17?
10
Calculate the remainder when 2875 is divided by 67.
61
Calculate the remainder when 3957 is divided by 233.
229
Calculate the remainder when 33 is divided by 4.
1
Calculate the remainder when 165 is divided by 8.
5
What is the remainder when 39 is divided by 22?
17
What is the remainder when 660 is divided by 261?
138
Calculate the remainder when 6255 is divided by 313.
308
What is the remainder when 494 is divided by 129?
107
Calculate the remainder when 377 is divided by 56.
41
Calculate the remainder when 3149 is divided by 90.
89
Calculate the remainder when 6712 is divided by 292.
288
Calculate the remainder when 804 is divided by 116.
108
What is the remainder when 68 is divided by 18?
14
What is th